of -1/2*x**3 + 3/2*x**2 + 0 - 13*x - 1/4*x**4. Calculate y(-3).
-15
Let o(c) = 1. Suppose -11*g - 10 = 1. Let s(k) = -k - 1. Let l(z) = g*s(z) - 3*o(z). Suppose -4*v - 21 + 6 = 3*p, -p - 5 = -4*v. Determine l(v).
-2
Suppose -a - s = 14, -2*s + 24 = -2*a - 0*s. Let q(u) = 2*u + 21. What is q(a)?
-5
Let q(s) = 2*s + 0*s + 45 + 2 + 2*s + 5*s. Calculate q(-5).
2
Let h(v) = 3 + 24*v**2 + 7 - 4 - 25*v**2 + 6*v + 1. Give h(7).
0
Suppose -3 = -14*z + 11*z. Let q(w) = w**3 + 1033*w**2 - z - 2*w - 1033*w**2. Determine q(-2).
-5
Suppose 15 = v - 4*v. Let s(u) = -u**2 - u + 1. Let z(n) = n**3 + 10*n**2 + 6*n - 10. Let l(q) = v*s(q) - z(q). Calculate l(-4).
-7
Let b = 76 + -101. Let k = b + 22. Let q(p) = 7*p - 3. Give q(k).
-24
Let p(t) be the first derivative of t**4/2 + t**3 + 5*t**2/2 + 6*t + 5. Let v(c) = 3*c**3 + 3*c**2 + 6*c + 8. Let g(z) = 5*p(z) - 4*v(z). Give g(2).
-4
Let j be 1*-8*(-9)/12. Let y = j + -3. Let c(b) = b**2 + 2*b - y*b**2 + 4 + b**2. What is c(4)?
-4
Suppose -37*s - 11*s = 384. Let l(f) = -5*f - 7. Determine l(s).
33
Let c(t) = 2 - 76841*t**2 - 6*t + 76843*t**2 - 2. Give c(4).
8
Let q(t) be the second derivative of t**4/12 + 4*t**2 + 2*t + 11. What is q(0)?
8
Let r be 96/9*(-9)/(-4). Suppose -3*z - z = -r. Suppose 0 = -k + 5, -5*w - z - 24 = -5*k. Let b(l) = -8*l**2 + 1. Calculate b(w).
-7
Suppose -2*w + 4*w = 42. Let v be (-2 + 1)/(3/w). Let a(j) = 2*j - 1. Calculate a(v).
-15
Let s(b) be the second derivative of -b**4/12 + 2*b**3/3 - 5*b**2/2 + 3*b + 24. Calculate s(4).
-5
Let z(y) = 6*y**2 - 1. Suppose 2*k = -0*k, 0 = -d + 2*k + 16. Suppose 3*s - 6 = -4*q, -6*q + 2*s = -2*q - d. Suppose -p + q = 2*p. Determine z(p).
5
Let j(g) = 3*g**3 + 2*g**2 - g + 2. Let c = 16 - 17. Let a be (c - 2)/((-6)/18). Suppose 4*l - 1 = -a. What is j(l)?
-12
Let z(o) be the first derivative of -1/4*o**4 - 3*o - 17 - 5/3*o**3 - 3/2*o**2. Calculate z(-5).
12
Let u be (7 - (-168)/(-16)) + (5 - -1). Let j(p) be the first derivative of 6 + p**3 + 2*p + 1/4*p**4 - u*p**2. Determine j(-4).
6
Let m(o) = 13*o + 52. Let j(x) = -6*x - 29. Let p(y) = 11*j(y) + 6*m(y). Calculate p(1).
5
Suppose -8 + 24 = 4*s. Let f(d) = -3*d + 15. Let v be f(s). Let l(c) = c**2 + 2*c - 3. Give l(v).
12
Let n(s) be the second derivative of 0 + 1/2*s**2 - s + 0*s**3 - 1/4*s**4. Let k be ((-646)/51)/(-19) - (30/(-9) - -2). What is n(k)?
-11
Let d(s) = -s**3 - 10*s**2 - 5*s + 12. Let q(m) = m**2 - m - 9. Let j be q(0). Give d(j).
-24
Let c(f) = -f + 6. Suppose -q + l = 3*q - 12, 0 = 2*l. Let n = -6 - -3. Let w = q - n. Calculate c(w).
0
Let d = 12 + -17. Let u = 2 + 5. Let s(p) = -u*p - 2 + 9*p + p**2 + 3*p. Give s(d).
-2
Let f(c) = -22*c - 88. Let o be f(-4). Let k(p) = p + 5. Give k(o).
5
Suppose -3*q = s + 4*s - 3075, 3*s - 3*q - 1821 = 0. Let a(g) = 3*g + 611 - s + g - 2*g**2. Determine a(3).
-7
Suppose -3 = 20*h - 21*h. Let n(j) = -341*j + 341*j + j**h. Give n(-1).
-1
Suppose 3 = 6*x + 15. Let y(c) be the first derivative of -c**6/120 - c**5/20 + c**3/3 - 2*c**2 + 5. Let b(s) be the second derivative of y(s). Determine b(x).
-2
Let l(i) be the second derivative of -6*i + 1/3*i**3 - 1/12*i**4 + 0 - 1/2*i**2. Let k be l(3). Let s(o) = -o**3 - 4*o**2 + o + 5. Calculate s(k).
1
Let c(o) = 17*o + 5 + 1 + 19*o + 2*o**2 - 3*o**2 - 43*o. Calculate c(-7).
6
Let m(l) = -l**3 + 8*l**2 + 8*l - 14. Let b(x) = -5*x**3 + 30*x**2 + 31*x - 55. Let s(f) = -2*b(f) + 9*m(f). What is s(-11)?
-5
Let m(r) = -r - 11. Let b be m(-5). Let z(j) = -3 - j**2 + 1 - j + 3*j - 8*j. Give z(b).
-2
Let r(h) = -10*h + 31. Let c(l) = 3*l - 9. Let m(g) = 14*c(g) + 4*r(g). What is m(4)?
6
Let g(d) be the third derivative of 0 - 4*d**2 - 1/60*d**5 - 1/6*d**3 + 0*d + 1/8*d**4. Let r(o) = -o**3 - 3*o**2 + 2*o - 4. Let i be r(-4). Determine g(i).
-5
Let z = -3 - 0. Suppose 0 = -3*q + q - 4, 0 = -3*b + 2*q + 10. Let a(i) = -i**b + 0 + 4*i - 2 - 1 - i**3 - i. Calculate a(z).
6
Suppose -4*a + 0*a = 20. Let m(j) = j + 25. Let k(r) = -r - 23. Let p(n) = 7*k(n) + 6*m(n). What is p(a)?
-6
Let y(c) = 10*c + 149. Let t be y(-15). Let x(b) = -58*b**3 - 1. What is x(t)?
57
Let z(c) = 2*c + 1. Suppose 3*f - 8 - 13 = -5*q, -f = -2. Suppose -q = -3*s, 3*s + 1 = -5*n + 9. Let u be 2 + (n + -1 - 5). Give z(u).
-5
Let r be (6/(-18))/((-1)/6). Let t(g) = -3*g - 9. Let h(x) = -4*x - 9. Let y(l) = r*h(l) - 3*t(l). Calculate y(-7).
2
Let t(f) = -7*f + 18. Let s(k) = -6*k + 6. Let o(b) = -b + 1. Let y(v) = -5*o(v) + s(v). Let p(x) = -t(x) + 6*y(x). Let l be (-4)/(-10) - (-28)/5. What is p(l)?
-6
Let g(t) = -2*t**3 - 2*t**2 + t - 2. Let y be g(-2). Suppose p - 3*n = -4, -12 = -p - n - y*n. Let l(m) = -m**3 - 3 - p*m + 3 - 4*m**2. Determine l(-2).
-4
Let r(j) = 293*j + 289*j + j**2 + 68 - 561*j. What is r(-17)?
0
Let z(p) = p - 3. Let r(u) = -2*u**2 + 23*u + 14. Let d = -23 - -35. Let g be r(d). Determine z(g).
-1
Let d(r) = r**3 - 6*r**2 - 2*r + 14. Let h be d(6). Let f(n) = 2*n - 2*n**2 + 14*n**2 + 0*n - 11*n**h. Calculate f(3).
15
Let s(g) = -g**2 - g + 2. Let c be s(-2). Let h(a) = -7*a**2 + 2*a**2 + 9*a - a**3 + c*a**2 + 8. Give h(-6).
-10
Let a(u) be the third derivative of -u**4/12 + u**3/6 - 2*u**2 - 136*u. Determine a(-2).
5
Let c(l) be the third derivative of l**4/24 - 8*l**3/3 + 42*l**2. Determine c(14).
-2
Let c(m) = -6*m**2 - 36 - m**3 + 17 + 20 + 7*m. Calculate c(-7).
1
Let d(m) = 2*m**2 + m - 1. Let l = -1041 + 1041. Determine d(l).
-1
Let y(w) = -w**2 - 15*w + 361. Let r be y(-28). Let z(m) = -m**2 - 2*m + 1. Determine z(r).
-2
Suppose -16 = -4*t + 4*g, 2*t - 4*g = 11 + 7. Let o(m) = 4*m**3 - 2*m**2 - 2*m. Let x be o(t). Let w(q) = -q**2 - 3*q + 5. What is w(x)?
1
Let p(o) = o - 7. Suppose -14*d = -21*d + 42. Calculate p(d).
-1
Let z(s) be the second derivative of 2*s**3/3 - 13*s**2/2 + 292*s. What is z(9)?
23
Suppose 0 = -4*h - 20, 7 = -3*s + s - 3*h. Let k(j) = -6*j - 2. What is k(s)?
-26
Let o(t) = 7*t - 1. Let a be 2*2/8*(-6 + 4). Give o(a).
-8
Let o(a) = -308*a**3 + 612*a**3 - 21 - 303*a**3 - 7*a**2 + 3*a. Calculate o(7).
0
Let j(p) = -p**2 - p + 1. Let d(y) = -8*y**2 + 5*y + 1. Let q(z) = -d(z) - 2*j(z). What is q(-2)?
43
Let v(n) = -5*n - 3. Suppose -4*i = 2*p + 6, -5*p + 4*i = -0*i - 41. Suppose 4*d - 4*u = 20, 0*d + 52 = 5*d + 4*u. Let q = p - d. Determine v(q).
12
Let g(v) be the second derivative of v**4/12 - 3*v**3/2 - 6*v**2 + 20*v. Let p = -19 - -29. What is g(p)?
-2
Let o(g) = 19 + 2*g**2 - 4 - 7*g - 7 - 5 - 4. Give o(6).
29
Let a be (-1 + 1)/(1 - -1). Suppose 0 = 4*b - 4*v + 12 - 44, -v = 5. Suppose a*q = q - 1, 0 = -2*z - b*q - 3. Let w(m) = -3*m - 3. Determine w(z).
6
Let k(c) = -c**3 - c**2 - 2*c. Let q(j) = -5*j**3 - j**2 - 12*j - 5. Let m(s) = -4*k(s) + q(s). Calculate m(4).
-37
Let x(t) = t**2 - 11*t + 15*t - 10 + 13*t - 4*t. Give x(-13).
-10
Let m = -16 - -22. Let k(i) = i + 2 + 0*i - m*i - i**2. Suppose 0 = -84*v + 168*v + 504. Give k(v).
-4
Let v(s) be the first derivative of -s**4/4 - 8*s**3/3 - s**2/2 - 5*s - 11. Determine v(-8).
3
Let b(m) = 4*m**3 - 34*m**2 - 14*m + 13. Let n(k) = -k**3 + 11*k**2 + 5*k - 4. Let j(c) = 2*b(c) + 7*n(c). Calculate j(-8).
6
Let z(a) = -6*a**3 - 2*a**2 + 3*a - 1. Suppose 2*g = -2*h - 2, -5*g + 0*h = -3*h - 11. Calculate z(g).
-6
Let a be 26/169 + 54/(-13) + 3. Let l(w) = 2*w**2 - w. Give l(a).
3
Let o(z) be the first derivative of -z**3/3 + 7*z + 154. What is o(3)?
-2
Let b(f) = -29*f**2 - 12*f - 7. Let a(x) = -13*x**2 - 6*x - 4. Let q(y) = 9*a(y) - 4*b(y). Give q(-7).
-15
Let o(u) be the second derivative of 9*u**5/20 - u**2/2 - 6*u. Calculate o(-1).
-10
Suppose -48 - 2 = -5*z. Let n(m) = m**2 - 10*m - 8. What is n(z)?
-8
Let r(v) = v - 6. Suppose -73 = 5*f - 4*h, -h - h - 35 = 3*f. Suppose 13 + 11 = 3*p. Let i = f + p. Determine r(i).
-11
Let r(z) = -z**3 - 4*z**2 - z + 2. Let p be 2 - (104/(-14) + 90/210). Let y = -3 + 12. Suppose -6*o + y*o + p = 0. Determine r(o).
-4
Let r(y) = -10*y**3 + 9*y**2 + y - 10. Let o(h) = -3*h**3 + 3*h**2 - 3. Let p(s) = 7*o(s) - 2*r(s). What is p(3)?
-7
Let k = -2 + 1. Let a(p) = 2*p - 1 + p - 3*p - 8*p**2 - p + 16*p**2. Give a(k).
8
Let a(s) = -s**3 + 4*s**2 + s. Let o(f) = -32*f - 478. Let c be o(-15). Give a(c).
10
Let a be 3/(-5*4/(-40)). Let m(c) = -c**3 + 5*c**2 + 9*c - 17. Let o be m(a). Let s(t) = t**2 - 4 + 4. Determine s(o)